the prime factors of (0 - -4) + (0 - -4).
2
Let s = -1 - -7. Let v(d) = d**3 - 4*d**2 - 10*d + 8. What are the prime factors of v(s)?
2, 5
Let j be 18/(-5) - (-2)/(-5). List the prime factors of (2/4)/(j/(-168)).
3, 7
Suppose 0 = 3*q - 63 - 93. What are the prime factors of q?
2, 13
What are the prime factors of (-3 + 2)/(1/(-25))?
5
Let h(o) = -o**3 + 10*o**2 - 9*o + 9. Let s be h(9). Let r = s + -4. What are the prime factors of r?
5
Let c(y) = y**3 - 6*y**2 + 4*y. Let n be c(4). Let b = n + 18. What are the prime factors of b?
2
Suppose -5*x = -5*u, -2*x + x - 8 = -5*u. Let w(h) = -13 + 3*h - h**x + 0*h + 6*h + 2*h. List the prime factors of w(9).
5
What are the prime factors of ((-9)/4 - -2) + (-3429)/(-36)?
5, 19
Let g be 2/(-8) + 844/(-16). Let b = g - -82. List the prime factors of b.
29
Let n(b) = 17*b + 391. List the prime factors of n(0).
17, 23
Suppose y + 5 = 23. Suppose 2*s - 4 = 0, 0*o - 4*s = 5*o - y. Suppose -w - n = -5, n - o*n = 2. What are the prime factors of w?
7
List the prime factors of (2*-10)/(1/(-2)).
2, 5
Let t(f) = -f**3 - 6*f**2 - f - 2. List the prime factors of t(-6).
2
Suppose -3*n + 12 - 3 = 0. Suppose n*s - 3*x = 120, 2*s - 157 = -2*s + x. What are the prime factors of s?
3, 13
Let c = -2 + 2. Suppose -f + 67 = -4*g, 3*g + c*f + 57 = 3*f. Let i = g + 22. What are the prime factors of i?
2, 3
Suppose 32 = 2*x - 6. What are the prime factors of x?
19
Let k be 2*(-1 + (-5)/(-2)). Suppose k*i + 4*v + 1 = -0*v, -4*v + 13 = i. Let a(f) = -f - 1. What are the prime factors of a(i)?
2, 3
Suppose -g + 37 = -s, 7*g - 5 = 2*g. Let k be (s/(-5))/(8/(-40)). Let i = k + 55. What are the prime factors of i?
19
Suppose -13 = 3*y + 38. Let m = -2 - y. List the prime factors of m.
3, 5
Let j = -51 - -14. Let f = -11 - j. List the prime factors of f.
2, 13
Let k(y) be the third derivative of y**4/24 - 2*y**3/3 - 3*y**2. Let s be k(8). List the prime factors of (-2)/(s + -2)*-2.
2
Let l = 24 - -217. What are the prime factors of l?
241
Let w = -9 + 23. What are the prime factors of w?
2, 7
Let j(t) = 21*t**2 - 2*t - 5. List the prime factors of j(-2).
83
Suppose -7 = -2*i + 1. Suppose -i*m = 57 - 5. Let w = 25 + m. List the prime factors of w.
2, 3
Let g = -126 - -164. List the prime factors of g.
2, 19
Let u be ((-15)/3)/((-2)/8). Let a be 68/u + 4/(-10). Let w(o) = 2*o - 3. What are the prime factors of w(a)?
3
Let k(w) = 5*w**2 + w. Let y be k(1). List the prime factors of 3/y*2 - -12.
13
Suppose 0*p - 2*p = 2. List the prime factors of p/(-3) - 69/(-9).
2
Let k(o) = 3*o - 1 + 6 - 2*o. Let j be k(4). Let y = j + -7. What are the prime factors of y?
2
Let v = 4 + -12. Let q = 0 + 11. Let d = q + v. List the prime factors of d.
3
Let m(z) = -12*z**2 + 1. Suppose 3*n = -2*n - 5. Let l be m(n). What are the prime factors of l/(-4) - 1/(-4)?
3
Suppose 0 = -c + 2*l + 2, c - l - 2*l = 2. Let b = 2 + c. What are the prime factors of b?
2
Suppose -u = -0*u - x - 99, u - 4*x - 90 = 0. List the prime factors of u.
2, 3, 17
Let h(v) = 4*v**3 - 3*v + 1. List the prime factors of h(2).
3
Let m(w) = 4*w**2 + 2. Let r be m(-4). Let y be (-4)/14 - r/14. Let d = -3 - y. List the prime factors of d.
2
Let c(z) = z - 1. Suppose 4*d + 6*r - 2*r = -12, 5*d + r = 1. Let u be c(d). Let s = u + 11. List the prime factors of s.
11
Let x(b) = b**2 + b + 9. Let u be x(0). List the prime factors of 2/6 + 303/u.
2, 17
Let g = 7 - 18. Suppose -6 = 2*y - 46. Let i = y + g. What are the prime factors of i?
3
Let n = 242 + -158. List the prime factors of n.
2, 3, 7
Let g(w) = w**2 + w + 6. Let c be g(0). Let y = c - 1. Suppose -4*f = -61 + y. List the prime factors of f.
2, 7
Let h(n) = n**3 - 7*n + 5. List the prime factors of h(4).
41
Suppose 5*t + 0*t - 25 = 0. Let n be (-6)/(-2) + -4 + 3. Suppose 0 = -s - 0*s + 2*w - 3, 0 = n*s - t*w + 11. List the prime factors of s.
7
Let l be ((-5)/(-4))/((-8)/32). Let a(r) = -r + 5. List the prime factors of a(l).
2, 5
Let l(s) = -s**3 - 3*s**2 - 3*s - 3. Let y be l(-3). Suppose 4*z - 5*z = y. Let x = 8 + z. List the prime factors of x.
2
Let t(c) = 66*c + 5. List the prime factors of t(2).
137
Let d(z) = -z + 12. Let o be d(11). Suppose 4*b = 29 - o. List the prime factors of b.
7
Let k(y) = y**2 - 3*y - 3. What are the prime factors of k(5)?
7
Let y = 443 - 204. What are the prime factors of y?
239
Let h(y) = 6*y**2 - 5 - 6*y - y**3 + 0 + 4*y. Suppose -20 = -36*a + 32*a. List the prime factors of h(a).
2, 5
Let l(a) = -a**2 + a + 9. Let h be l(0). Let w be 744/54 + 2/h. Let z = -4 + w. List the prime factors of z.
2, 5
Suppose -16 = -5*f + 4. List the prime factors of f.
2
Let q(p) = -15*p - 7. Let o(s) = 7*s + 3. Let a(t) = 5*o(t) + 2*q(t). Let w be a(-1). What are the prime factors of (-18)/w*(-8)/(-6)?
2, 3
Let f be 6/12 - 2/4. Suppose f = -2*j + 7 + 61. List the prime factors of j.
2, 17
Let s be (2*4)/((-7)/21). List the prime factors of (1 + -3)/(2/s).
2, 3
Let r be 3 + (-7)/((-14)/8) + -3. Let j = 67 + 11. Suppose s + r*h = 30, 5*s + 0*h = 4*h + j. List the prime factors of s.
2, 3
Let j(q) = q**3 + 4*q**2 + 3*q + 4. Let f be j(-3). Suppose -2*k = 3*p - 8, -3*k - 4*p - 18 = -7*p. Let l = f + k. List the prime factors of l.
2
Suppose -2*f - 5*m - 21 = -0*f, f - m = 0. Suppose -3*w + 21 = -12. Let j = w + f. What are the prime factors of j?
2
Let r be 27/6 - 1/(-2). Suppose 4*a - 58 = -0*z - 5*z, r*z = -a + 67. List the prime factors of z.
2, 7
Let p(z) = 8*z + 6. What are the prime factors of p(7)?
2, 31
What are the prime factors of 3840/100 + (-4)/10?
2, 19
Let o(k) = -6*k**2 - 10*k + 8. Let l(j) = 7*j**2 + 11*j - 8. Let v(f) = 5*l(f) + 6*o(f). Let b be v(-6). Suppose b*u + 3 = 15. What are the prime factors of u?
2, 3
Let x = -6 + 8. Let y(b) = -1 + 0*b**2 + b - 4*b**x + 8*b**2. List the prime factors of y(1).
2
Let a = 650 - 320. List the prime factors of a.
2, 3, 5, 11
Let v = 4 - -11. What are the prime factors of v?
3, 5
Let b(d) = 21*d**2 - d + 1. Let l be b(1). Let a = -10 + l. List the prime factors of a.
11
Let v be (-1)/(-2) + (-33)/(-6). What are the prime factors of 1*18 - (v + -4)?
2
Let j be (-2)/7 - (-152)/(-7). Let b = 40 + -6. Let w = b + j. What are the prime factors of w?
2, 3
Suppose -w + 4*w - 15 = 0. Suppose -2*r - 20 = -w*c - 3*r, c + 3*r + 10 = 0. Suppose -c = -4*y + 3. List the prime factors of y.
2
Let o(c) = c**3 - 4*c**2 + 4*c - 6. List the prime factors of o(5).
3, 13
Suppose -4*p = 2*o - 1080, -3*p + 292 = -2*p - 5*o. List the prime factors of p.
2, 17
Let d(q) = -10*q + 8*q + 0*q. Let m = -9 + 6. List the prime factors of d(m).
2, 3
Let w(k) = 30*k - 2. List the prime factors of w(1).
2, 7
Suppose -20*d + 1177 + 2503 = 0. What are the prime factors of d?
2, 23
Suppose 0 = -5*f + 25 - 10. Let o be (-185)/(-10) + (-2)/4. Suppose o = f*u - u. What are the prime factors of u?
3
Let i(c) = -c**3 + 11*c**2 + c - 5. Let r be i(11). What are the prime factors of 57/6 - 3/r?
3
Let t be 18/81 + 1184/18. Suppose -5*n = -t - 44. What are the prime factors of n?
2, 11
What are the prime factors of (-2)/6*(-15 + -72)?
29
Suppose w = 3*v - 20, v - 15 = 5*w + 15. Suppose 0 = -2*u + 1 + v. List the prime factors of u.
3
Suppose 4*i = 14 - 2. Let a = i - -2. What are the prime factors of a?
5
Suppose -3*b = -4*a + 35, 9*a - 44 = 4*a + 4*b. Suppose -a = 3*g - 29. List the prime factors of g.
7
Let r = 259 - 163. List the prime factors of r.
2, 3
Suppose -5*g + 29 = 5*b - 61, -20 = -2*b + 2*g. Suppose 65 = -5*w + 15. Let q = b + w. What are the prime factors of q?
2
Let j = 74 - 19. Suppose -3*v - 3*t - t = -j, 8 = 2*t. What are the prime factors of v?
13
Let q(g) = g**3 - g**2 - 3*g + 2. Let o(a) = -a**2 - 6*a + 10. Let f be o(-7). Let k be q(f). Let p = k + 1. List the prime factors of p.
2, 3
Let d(t) = t - 3. Let g be d(8). Suppose 0 = i + v - g, 5*v + 0*v = -3*i + 19. Suppose i*o - 22 = -q, -3*q + 9 = 3*o - 3. What are the prime factors of o?
3
Suppose 0*t - 2 = -r - t, -4*t = -3*r + 20. Let m = r - 4. Let h = 3 - m. What are the prime factors of h?
3
Suppose 5*a + 30 = 8*a. What are the prime factors of a?
2, 5
List the prime factors of ((-10)/6)/((-5)/105).
5, 7
Suppose 3*z + 52 + 14 = -2*r, 99 = -4*z + r. What are the prime factors of (-1)/(-4) + (-498)/z?
3, 7
Let y(t) be the second d